{"id":1777,"date":"2023-01-24T08:19:12","date_gmt":"2023-01-24T08:19:12","guid":{"rendered":"https:\/\/volkner-mobil.com\/?page_id=1777"},"modified":"2023-02-14T13:20:28","modified_gmt":"2023-02-14T13:20:28","slug":"herstellerportrait","status":"publish","type":"page","link":"https:\/\/volkner-mobil.com\/en\/herstellerportrait\/","title":{"rendered":"Herstellerportrait"},"content":{"rendered":"<p>[et_pb_section fb_built=&#8220;1&#8243; _builder_version=&#8220;4.19.4&#8243; _module_preset=&#8220;default&#8220; background_enable_color=&#8220;off&#8220; height_tablet=&#8220;&#8220; height_phone=&#8220;&#8220; height_last_edited=&#8220;on|phone&#8220; global_colors_info=&#8220;{}&#8220;][et_pb_row _builder_version=&#8220;4.18.0&#8243; _module_preset=&#8220;default&#8220; global_colors_info=&#8220;{}&#8220;][et_pb_column type=&#8220;4_4&#8243; _builder_version=&#8220;4.18.0&#8243; _module_preset=&#8220;default&#8220; global_colors_info=&#8220;{}&#8220;][et_pb_text module_id=&#8220;toggle&#8220; _builder_version=&#8220;4.19.5&#8243; _module_preset=&#8220;default&#8220; text_text_color=&#8220;#000000&#8243; header_text_color=&#8220;#000000&#8243; header_2_text_color=&#8220;#000000&#8243; background_color=&#8220;#f2f2f2&#8243; text_orientation=&#8220;center&#8220; width=&#8220;300px&#8220; module_alignment=&#8220;center&#8220; custom_margin=&#8220;10vh||||false|true&#8220; custom_padding=&#8220;8px||0px||false|true&#8220; animation_style=&#8220;zoom&#8220; animation_duration=&#8220;1300ms&#8220; border_radii=&#8220;on|10px|10px|10px|10px&#8220; border_width_all=&#8220;3px&#8220; box_shadow_style=&#8220;preset1&#8243; global_colors_info=&#8220;{}&#8220;]<\/p>\n<h1 style=\"text-align: center;\"><span style=\"color: #000000;\">Herstellerportrait<\/span><\/h1>\n<p>[\/et_pb_text][\/et_pb_column][\/et_pb_row][et_pb_row column_structure=&#8220;1_2,1_2&#8243; _builder_version=&#8220;4.19.4&#8243; _module_preset=&#8220;default&#8220; width=&#8220;90%&#8220; max_width=&#8220;90%&#8220; custom_margin=&#8220;||||false|false&#8220; global_colors_info=&#8220;{}&#8220;][et_pb_column type=&#8220;1_2&#8243; _builder_version=&#8220;4.19.4&#8243; _module_preset=&#8220;default&#8220; global_colors_info=&#8220;{}&#8220;][et_pb_slider _builder_version=&#8220;4.19.5&#8243; _module_preset=&#8220;default&#8220; background_color=&#8220;#FFFFFF&#8220; height=&#8220;58vh&#8220; animation_style=&#8220;zoom&#8220; animation_duration=&#8220;1300ms&#8220; hover_enabled=&#8220;0&#8243; box_shadow_style=&#8220;preset1&#8243; global_colors_info=&#8220;{}&#8220; transform_styles__hover_enabled=&#8220;on|hover&#8220; transform_scale__hover_enabled=&#8220;on|hover&#8220; transform_translate__hover_enabled=&#8220;on|desktop&#8220; transform_rotate__hover_enabled=&#8220;on|desktop&#8220; transform_skew__hover_enabled=&#8220;on|desktop&#8220; transform_origin__hover_enabled=&#8220;on|desktop&#8220; transform_scale__hover=&#8220;115%|115%&#8220; sticky_enabled=&#8220;0&#8243;][et_pb_slide _builder_version=&#8220;4.19.5&#8243; _module_preset=&#8220;default&#8220; background_enable_color=&#8220;off&#8220; background_image=&#8220;https:\/\/volkner-mobil.com\/wp-content\/uploads\/2023\/02\/P1211274.00_06_53_35.Standbild022-scaled.jpg&#8220; background_enable_image=&#8220;on&#8220; hover_enabled=&#8220;0&#8243; global_colors_info=&#8220;{}&#8220; sticky_transition=&#8220;on&#8220; sticky_enabled=&#8220;0&#8243;][\/et_pb_slide][\/et_pb_slider][\/et_pb_column][et_pb_column type=&#8220;1_2&#8243; _builder_version=&#8220;4.19.4&#8243; _module_preset=&#8220;default&#8220; global_colors_info=&#8220;{}&#8220;][et_pb_text _builder_version=&#8220;4.19.5&#8243; _module_preset=&#8220;default&#8220; text_font=&#8220;||||||||&#8220; text_text_color=&#8220;#000000&#8243; text_font_size=&#8220;15px&#8220; animation_style=&#8220;zoom&#8220; animation_duration=&#8220;1300ms&#8220; hover_enabled=&#8220;0&#8243; global_colors_info=&#8220;{}&#8220; sticky_enabled=&#8220;0&#8243;]<\/p>\n<p>Mit dem Namen Volkner Mobil verbindet man unweigerlich den Performance, das absolute Spitzenmodell und quasi das Flaggschiff der Volkner-Flotte. Dies ist zun\u00e4chst nicht verwunderlich, denn das geniale Konzept, in der Mittelgarage einen ausgewachsenen PKW mitf\u00fchren zu k\u00f6nnen, ist nun mal einmalig und stellt auf jeder Messe eine besondere Attraktion f\u00fcr Besucher und Fachpresse dar.<\/p>\n<p>Wenn man sich jedoch n\u00e4her mit den Produkten der Wuppertaler Reisemobilmanufaktur besch\u00e4ftigt, stellt man fest, dass die Palette des Fahrzeugangebots durchaus vielf\u00e4ltig ist. Es beginnt beim Modell 800 C, welches mit einer Aufbaul\u00e4nge von 8m und einer Breite von 2,35m besonders kompakt und wendig ist. Die M\u00f6glichkeit, den 800 C auf ein zul\u00e4ssiges Gesamtgewicht von 7,49t zu begrenzen, macht ihn auch f\u00fcr Inhaber des alten F\u00fchrerscheins Klasse 3 interessant. Auf der n\u00e4chsten Stufe, vertreten durch das Modell 840 HG, lassen sich aufgrund hoher Zuladungsreserven der verwendeten Fahrgestelle bereits viele Voraussetzungen f\u00fcr autarkes Reisen, wie gro\u00dfe Tankvolumen und hohe Batteriekapazit\u00e4ten, verwirklichen. Bei \u00fcberschaubarer L\u00e4nge besticht dieses Fahrzeug durch innere Gr\u00f6\u00dfe und l\u00e4sst mit seinem durchgehend ebenen Boden viele Grundrissvarianten zu.<\/p>\n<p>HG steht f\u00fcr Heckgarage, und die Modellreihe mit dieser Zusatzbezeichnung reicht vom Volkner Mobil 920 HG bis zum 1200 HG. Die Zahl bezeichnet die Aufbaul\u00e4nge, und die gro\u00dfe Spanne signalisiert die Vielfalt der M\u00f6glichkeiten, die sich aufgrund der unterschiedlichen Gr\u00f6\u00dfen ergeben, sowohl hinsichtlich der Innenraumgestaltung als auch der Garagennutzung. Letztere muss nicht zwingend in der Mitnahme unterschiedlicher Fahrzeuge bestehen, vielmehr kann dieser Raum beispielsweise auch als separates Kinderzimmer oder Fitnessbereich dienen. Hier hat Volkner Mobil als Individualhersteller nahezu unbegrenzte M\u00f6glichkeiten, den W\u00fcnschen und Bed\u00fcrfnissen der Kunden gerecht zu werden.<\/p>\n<p>Dem eingangs erw\u00e4hnten Modell Performance stellte man inzwischen sozusagen einen kleinen Bruder zur Seite, den Performance Compact, der mehr als 1m k\u00fcrzer ist als der 12m lange Performance, im Prinzip aber \u00fcber die gleichen Attribute verf\u00fcgt. Aufgebaut auf Reisebus-Komponenten mit Heckmotor und ausger\u00fcstet mit der patentierten Mittelgarage, ergibt sich nicht nur die M\u00f6glichkeit, einen PKW an fahrdynamisch optimaler Stelle mitzunehmen, sondern ebenfalls ein bemerkenswerter Gewinn an Fahrkomfort.<\/p>\n<p>Jedes Fahrzeug entsteht bei Volkner Mobil im Zusammenwirken mit dem Kunden. Dabei schreckt Gerhard Volkner auch vor besonderen Herausforderungen nicht zur\u00fcck, denn als erfahrener Konstrukteur verf\u00fcgt er \u00fcber umfangreiches technisches Know-how, und hochmoderne und pr\u00e4zise Maschinen erm\u00f6glichen die Umsetzung auch ausgefallener Kundenw\u00fcnsche.<\/p>\n<p>Bei der Gestaltung des Wohnbereiches und bei der Material- und Farbwahl ber\u00e4t Stephanie Volkner die Kunden und hilft mit ihrer Erfahrung, die Vorstellungen stil- und geschmackssicher umzusetzen. Volkner Mobil betont, dass bei der Konstruktion und beim Bau eines jeden Fahrzeuges besonderer Wert darauf gelegt wird, dass es in Funktionalit\u00e4t, Langzeitqualit\u00e4t, Zuverl\u00e4ssigkeit, Sicherheit und Komfort h\u00f6chsten Anspr\u00fcchen gerecht wird.<\/p>\n<p>Dass es die auf diesem Niveau gefertigten Fahrzeuge nicht zum Discounterpreis gibt, versteht sich von selbst. Hochwertige Komponenten, bestes Material und viele Arbeitsstunden f\u00fcr individuell angefertigte Bauteile haben nun mal ihren Preis. Die manchmal geh\u00f6rte Meinung, man m\u00fcsse f\u00fcr ein Volkner Mobil mindestens eine Million Euro in die Hand nehmen, ist hingegen nicht richtig. Dieser Betrag ist zwar durch einen entsprechenden Umfang an Sonderw\u00fcnschen zu erreichen und auch zu \u00fcbertreffen.<\/p>\n<p>&nbsp;<\/p>\n<p>&nbsp;<\/p>\n<p><span style=\"color: #000000;\"><span style=\"caret-color: #000000;\"><\/span><\/span><\/p>\n<p>[\/et_pb_text][\/et_pb_column][\/et_pb_row][\/et_pb_section]<\/p>\n","protected":false},"excerpt":{"rendered":"<p>HerstellerportraitMit dem Namen Volkner Mobil verbindet man unweigerlich den Performance, das absolute Spitzenmodell und quasi das Flaggschiff der Volkner-Flotte. Dies ist zun\u00e4chst nicht verwunderlich, denn das geniale Konzept, in der Mittelgarage einen ausgewachsenen PKW mitf\u00fchren zu k\u00f6nnen, ist nun mal einmalig und stellt auf jeder Messe eine besondere Attraktion f\u00fcr Besucher und Fachpresse dar. Wenn [&hellip;]<\/p>\n","protected":false},"author":1,"featured_media":0,"parent":0,"menu_order":0,"comment_status":"closed","ping_status":"closed","template":"","meta":{"_et_pb_use_builder":"on","_et_pb_old_content":"<!-- wp:divi\/placeholder \/-->","_et_gb_content_width":"","footnotes":""},"class_list":["post-1777","page","type-page","status-publish","hentry"],"_links":{"self":[{"href":"https:\/\/volkner-mobil.com\/en\/wp-json\/wp\/v2\/pages\/1777","targetHints":{"allow":["GET"]}}],"collection":[{"href":"https:\/\/volkner-mobil.com\/en\/wp-json\/wp\/v2\/pages"}],"about":[{"href":"https:\/\/volkner-mobil.com\/en\/wp-json\/wp\/v2\/types\/page"}],"author":[{"embeddable":true,"href":"https:\/\/volkner-mobil.com\/en\/wp-json\/wp\/v2\/users\/1"}],"replies":[{"embeddable":true,"href":"https:\/\/volkner-mobil.com\/en\/wp-json\/wp\/v2\/comments?post=1777"}],"version-history":[{"count":0,"href":"https:\/\/volkner-mobil.com\/en\/wp-json\/wp\/v2\/pages\/1777\/revisions"}],"wp:attachment":[{"href":"https:\/\/volkner-mobil.com\/en\/wp-json\/wp\/v2\/media?parent=1777"}],"curies":[{"name":"wp","href":"https:\/\/api.w.org\/{rel}","templated":true}]}}

<p>[et_pb_section fb_built=&#8220;1&#8243; _builder_version=&#8220;4.19.4&#8243; _module_preset=&#8220;default&#8220; background_enable_color=&#8220;off&#8220; height_tablet=&#8220;&#8220; height_phone=&#8220;&#8220; height_last_edited=&#8220;on|phone&#8220; global_colors_info=&#8220;{}&#8220;][et_pb_row _builder_version=&#8220;4.18.0&#8243; _module_preset=&#8220;default&#8220; global_colors_info=&#8220;{}&#8220;][et_pb_column type=&#8220;4_4&#8243; _builder_version=&#8220;4.18.0&#8243; _module_preset=&#8220;default&#8220; global_colors_info=&#8220;{}&#8220;][et_pb_text module_id=&#8220;toggle&#8220; _builder_version=&#8220;4.19.5&#8243; _module_preset=&#8220;default&#8220; text_text_color=&#8220;#000000&#8243; header_text_color=&#8220;#000000&#8243; header_2_text_color=&#8220;#000000&#8243; background_color=&#8220;#f2f2f2&#8243; text_orientation=&#8220;center&#8220; width=&#8220;300px&#8220; module_alignment=&#8220;center&#8220; custom_margin=&#8220;10vh||||false|true&#8220; custom_padding=&#8220;8px||0px||false|true&#8220; animation_style=&#8220;zoom&#8220; animation_duration=&#8220;1300ms&#8220; border_radii=&#8220;on|10px|10px|10px|10px&#8220; border_width_all=&#8220;3px&#8220; box_shadow_style=&#8220;preset1&#8243; global_colors_info=&#8220;{}&#8220;]</p>
<h1 style="text-align: center;"><span style="color: #000000;">Herstellerportrait</span></h1>
<p>[/et_pb_text][/et_pb_column][/et_pb_row][et_pb_row column_structure=&#8220;1_2,1_2&#8243; _builder_version=&#8220;4.19.4&#8243; _module_preset=&#8220;default&#8220; width=&#8220;90%&#8220; max_width=&#8220;90%&#8220; custom_margin=&#8220;||||false|false&#8220; global_colors_info=&#8220;{}&#8220;][et_pb_column type=&#8220;1_2&#8243; _builder_version=&#8220;4.19.4&#8243; _module_preset=&#8220;default&#8220; global_colors_info=&#8220;{}&#8220;][et_pb_slider _builder_version=&#8220;4.19.5&#8243; _module_preset=&#8220;default&#8220; background_color=&#8220;#FFFFFF&#8220; height=&#8220;58vh&#8220; animation_style=&#8220;zoom&#8220; animation_duration=&#8220;1300ms&#8220; hover_enabled=&#8220;0&#8243; box_shadow_style=&#8220;preset1&#8243; global_colors_info=&#8220;{}&#8220; transform_styles__hover_enabled=&#8220;on|hover&#8220; transform_scale__hover_enabled=&#8220;on|hover&#8220; transform_translate__hover_enabled=&#8220;on|desktop&#8220; transform_rotate__hover_enabled=&#8220;on|desktop&#8220; transform_skew__hover_enabled=&#8220;on|desktop&#8220; transform_origin__hover_enabled=&#8220;on|desktop&#8220; transform_scale__hover=&#8220;115%|115%&#8220; sticky_enabled=&#8220;0&#8243;][et_pb_slide _builder_version=&#8220;4.19.5&#8243; _module_preset=&#8220;default&#8220; background_enable_color=&#8220;off&#8220; background_image=&#8220;https://volkner-mobil.com/wp-content/uploads/2023/02/P1211274.00_06_53_35.Standbild022-scaled.jpg&#8220; background_enable_image=&#8220;on&#8220; hover_enabled=&#8220;0&#8243; global_colors_info=&#8220;{}&#8220; sticky_transition=&#8220;on&#8220; sticky_enabled=&#8220;0&#8243;][/et_pb_slide][/et_pb_slider][/et_pb_column][et_pb_column type=&#8220;1_2&#8243; _builder_version=&#8220;4.19.4&#8243; _module_preset=&#8220;default&#8220; global_colors_info=&#8220;{}&#8220;][et_pb_text _builder_version=&#8220;4.19.5&#8243; _module_preset=&#8220;default&#8220; text_font=&#8220;||||||||&#8220; text_text_color=&#8220;#000000&#8243; text_font_size=&#8220;15px&#8220; animation_style=&#8220;zoom&#8220; animation_duration=&#8220;1300ms&#8220; hover_enabled=&#8220;0&#8243; global_colors_info=&#8220;{}&#8220; sticky_enabled=&#8220;0&#8243;]</p>
<p>Mit dem Namen Volkner Mobil verbindet man unweigerlich den Performance, das absolute Spitzenmodell und quasi das Flaggschiff der Volkner-Flotte. Dies ist zunächst nicht verwunderlich, denn das geniale Konzept, in der Mittelgarage einen ausgewachsenen PKW mitführen zu können, ist nun mal einmalig und stellt auf jeder Messe eine besondere Attraktion für Besucher und Fachpresse dar.</p>
<p>Wenn man sich jedoch näher mit den Produkten der Wuppertaler Reisemobilmanufaktur beschäftigt, stellt man fest, dass die Palette des Fahrzeugangebots durchaus vielfältig ist. Es beginnt beim Modell 800 C, welches mit einer Aufbaulänge von 8m und einer Breite von 2,35m besonders kompakt und wendig ist. Die Möglichkeit, den 800 C auf ein zulässiges Gesamtgewicht von 7,49t zu begrenzen, macht ihn auch für Inhaber des alten Führerscheins Klasse 3 interessant. Auf der nächsten Stufe, vertreten durch das Modell 840 HG, lassen sich aufgrund hoher Zuladungsreserven der verwendeten Fahrgestelle bereits viele Voraussetzungen für autarkes Reisen, wie große Tankvolumen und hohe Batteriekapazitäten, verwirklichen. Bei überschaubarer Länge besticht dieses Fahrzeug durch innere Größe und lässt mit seinem durchgehend ebenen Boden viele Grundrissvarianten zu.</p>
<p>HG steht für Heckgarage, und die Modellreihe mit dieser Zusatzbezeichnung reicht vom Volkner Mobil 920 HG bis zum 1200 HG. Die Zahl bezeichnet die Aufbaulänge, und die große Spanne signalisiert die Vielfalt der Möglichkeiten, die sich aufgrund der unterschiedlichen Größen ergeben, sowohl hinsichtlich der Innenraumgestaltung als auch der Garagennutzung. Letztere muss nicht zwingend in der Mitnahme unterschiedlicher Fahrzeuge bestehen, vielmehr kann dieser Raum beispielsweise auch als separates Kinderzimmer oder Fitnessbereich dienen. Hier hat Volkner Mobil als Individualhersteller nahezu unbegrenzte Möglichkeiten, den Wünschen und Bedürfnissen der Kunden gerecht zu werden.</p>
<p>Dem eingangs erwähnten Modell Performance stellte man inzwischen sozusagen einen kleinen Bruder zur Seite, den Performance Compact, der mehr als 1m kürzer ist als der 12m lange Performance, im Prinzip aber über die gleichen Attribute verfügt. Aufgebaut auf Reisebus-Komponenten mit Heckmotor und ausgerüstet mit der patentierten Mittelgarage, ergibt sich nicht nur die Möglichkeit, einen PKW an fahrdynamisch optimaler Stelle mitzunehmen, sondern ebenfalls ein bemerkenswerter Gewinn an Fahrkomfort.</p>
<p>Jedes Fahrzeug entsteht bei Volkner Mobil im Zusammenwirken mit dem Kunden. Dabei schreckt Gerhard Volkner auch vor besonderen Herausforderungen nicht zurück, denn als erfahrener Konstrukteur verfügt er über umfangreiches technisches Know-how, und hochmoderne und präzise Maschinen ermöglichen die Umsetzung auch ausgefallener Kundenwünsche.</p>
<p>Bei der Gestaltung des Wohnbereiches und bei der Material- und Farbwahl berät Stephanie Volkner die Kunden und hilft mit ihrer Erfahrung, die Vorstellungen stil- und geschmackssicher umzusetzen. Volkner Mobil betont, dass bei der Konstruktion und beim Bau eines jeden Fahrzeuges besonderer Wert darauf gelegt wird, dass es in Funktionalität, Langzeitqualität, Zuverlässigkeit, Sicherheit und Komfort höchsten Ansprüchen gerecht wird.</p>
<p>Dass es die auf diesem Niveau gefertigten Fahrzeuge nicht zum Discounterpreis gibt, versteht sich von selbst. Hochwertige Komponenten, bestes Material und viele Arbeitsstunden für individuell angefertigte Bauteile haben nun mal ihren Preis. Die manchmal gehörte Meinung, man müsse für ein Volkner Mobil mindestens eine Million Euro in die Hand nehmen, ist hingegen nicht richtig. Dieser Betrag ist zwar durch einen entsprechenden Umfang an Sonderwünschen zu erreichen und auch zu übertreffen.</p>
<p>&nbsp;</p>
<p>&nbsp;</p>
<p><span style="color: #000000;"><span style="caret-color: #000000;"></span></span></p>
<p>[/et_pb_text][/et_pb_column][/et_pb_row][/et_pb_section]</p>

<p>HerstellerportraitMit dem Namen Volkner Mobil verbindet man unweigerlich den Performance, das absolute Spitzenmodell und quasi das Flaggschiff der Volkner-Flotte. Dies ist zunächst nicht verwunderlich, denn das geniale Konzept, in der Mittelgarage einen ausgewachsenen PKW mitführen zu können, ist nun mal einmalig und stellt auf jeder Messe eine besondere Attraktion für Besucher und Fachpresse dar. Wenn [&hellip;]</p>
